{"id":442,"date":"2020-08-24T08:18:17","date_gmt":"2020-08-24T08:18:17","guid":{"rendered":"https:\/\/velha.org\/?page_id=442"},"modified":"2022-11-02T13:39:28","modified_gmt":"2022-11-02T13:39:28","slug":"contact","status":"publish","type":"page","link":"https:\/\/velha.org\/?page_id=442","title":{"rendered":"Contacto"},"content":{"rendered":"\n<div class=\"wp-block-cover alignfull has-parallax is-position-center-center\" style=\"min-height:850px\"><span aria-hidden=\"true\" class=\"wp-block-cover__background has-ast-global-color-2-background-color has-background-dim-80 has-background-dim\"><\/span><div role=\"img\" class=\"wp-block-cover__image-background wp-image-130 has-parallax\" style=\"background-position:50% 50%;background-image:url(https:\/\/velha.org\/wp-content\/uploads\/2020\/07\/bg-05-free-img.jpg)\"><\/div><div class=\"wp-block-cover__inner-container\">\n<p class=\"has-text-color\" style=\"color:#ffffff\"><strong>ESTAR A PAR<\/strong><\/p>\n\n\n\n<h1 class=\"has-text-color wp-block-heading\" style=\"color:#ffffff\">Contactos<\/h1>\n<\/div><\/div>\n\n\n\n<div class=\"inherit-container-width wp-block-group alignfull has-ast-global-color-5-background-color has-background is-layout-constrained\"><div class=\"wp-block-group__inner-container\">\n<h2 class=\"wp-block-heading\">Telefona, escreve ou visita-nos<\/h2>\n\n\n\n<div style=\"height:45px\" aria-hidden=\"true\" class=\"wp-block-spacer\"><\/div>\n\n\n\n<div class=\"wp-block-columns alignwide is-layout-flex wp-container-4\">\n<div class=\"wp-block-column is-layout-flow\">\n<h3 class=\"wp-block-heading\">Braga, Portugal<\/h3>\n\n\n\n<hr class=\"wp-block-separator has-css-opacity is-style-wide\"\/>\n\n\n\n<p>Largo da Senhora-a-Branca, 23<br>4710-443 BRAGA<br>+351 916 249 180<br><a href=\"mailto:info@velha.org\" data-type=\"mailto\" data-id=\"mailto:\">info@velha.org<\/a><\/p>\n<\/div>\n\n\n\n<div class=\"wp-block-column is-layout-flow\">\n<h3 class=\"wp-block-heading\"><\/h3>\n\n\n\n<p><\/p>\n<\/div>\n\n\n\n<div class=\"wp-block-column is-layout-flow\">\n<h3 class=\"wp-block-heading\"><\/h3>\n\n\n\n<p><\/p>\n<\/div>\n<\/div>\n\n\n\n<div style=\"height:45px\" aria-hidden=\"true\" class=\"wp-block-spacer\"><\/div>\n\n\n\n<div class=\"wp-block-columns is-layout-flex wp-container-8\">\n<div class=\"wp-block-column is-layout-flow\" style=\"flex-basis:66.66%\">\n<div class=\"inherit-container-width wp-block-group alignfull has-ast-global-color-4-background-color has-background is-layout-constrained\"><div class=\"wp-block-group__inner-container\"><\/div><\/div>\n<\/div>\n\n\n\n<div class=\"wp-block-column is-layout-flow\" style=\"flex-basis:33.33%\">\n<hr class=\"wp-block-separator has-css-opacity is-style-wide\"\/>\n\n\n\n<h2 class=\"wp-block-heading\">Telefone<\/h2>\n\n\n\n<p>Uma vez que a Velha-a-Branca \u00e9 gerida por volunt\u00e1rios, nem sempre \u00e9 poss\u00edvel atender o telefone. Nesse caso envie\/a um SMS para o nosso contacto telef\u00f3nico!<\/p>\n<\/div>\n<\/div>\n<\/div><\/div>\n\n\n","protected":false},"excerpt":{"rendered":"<p>Telefona, escreve ou visita-nos Braga, Portugal Largo da Senhora-a-Branca, 234710-443 BRAGA+351 916 249 180info@velha.org Telefone Uma vez que a Velha-a-Branca \u00e9 gerida por volunt\u00e1rios, nem sempre \u00e9 poss\u00edvel atender o telefone. Nesse caso envie\/a um SMS para o nosso contacto telef\u00f3nico!<\/p>\n","protected":false},"author":2,"featured_media":0,"parent":0,"menu_order":0,"comment_status":"closed","ping_status":"closed","template":"","meta":{"site-sidebar-layout":"default","site-content-layout":"plain-container","ast-global-header-display":"","ast-main-header-display":"","ast-hfb-above-header-display":"","ast-hfb-below-header-display":"","ast-hfb-mobile-header-display":"","site-post-title":"disabled","ast-breadcrumbs-content":"","ast-featured-img":"","footer-sml-layout":"","theme-transparent-header-meta":"enabled","adv-header-id-meta":"","stick-header-meta":"","header-above-stick-meta":"","header-main-stick-meta":"","header-below-stick-meta":""},"_links":{"self":[{"href":"https:\/\/velha.org\/index.php?rest_route=\/wp\/v2\/pages\/442"}],"collection":[{"href":"https:\/\/velha.org\/index.php?rest_route=\/wp\/v2\/pages"}],"about":[{"href":"https:\/\/velha.org\/index.php?rest_route=\/wp\/v2\/types\/page"}],"author":[{"embeddable":true,"href":"https:\/\/velha.org\/index.php?rest_route=\/wp\/v2\/users\/2"}],"replies":[{"embeddable":true,"href":"https:\/\/velha.org\/index.php?rest_route=%2Fwp%2Fv2%2Fcomments&post=442"}],"version-history":[{"count":5,"href":"https:\/\/velha.org\/index.php?rest_route=\/wp\/v2\/pages\/442\/revisions"}],"predecessor-version":[{"id":569,"href":"https:\/\/velha.org\/index.php?rest_route=\/wp\/v2\/pages\/442\/revisions\/569"}],"wp:attachment":[{"href":"https:\/\/velha.org\/index.php?rest_route=%2Fwp%2Fv2%2Fmedia&parent=442"}],"curies":[{"name":"wp","href":"https:\/\/api.w.org\/{rel}","templated":true}]}}